{"id":7,"date":"2025-12-11T05:48:22","date_gmt":"2025-12-11T05:48:22","guid":{"rendered":"http:\/\/adprins.cluster100.hosting.ovh.net\/?page_id=7"},"modified":"2025-12-21T10:17:11","modified_gmt":"2025-12-21T10:17:11","slug":"accueil","status":"publish","type":"page","link":"https:\/\/a3d-print.fr\/","title":{"rendered":"Accueil"},"content":{"rendered":"\t\t<div data-elementor-type=\"wp-page\" data-elementor-id=\"7\" class=\"elementor elementor-7\">\n\t\t\t\t<div class=\"elementor-element elementor-element-3230064 e-grid e-con-full e-con e-parent\" data-id=\"3230064\" data-element_type=\"container\">\n\t\t\t\t<div class=\"elementor-element elementor-element-c2f71df elementor-widget elementor-widget-image\" data-id=\"c2f71df\" data-element_type=\"widget\" data-widget_type=\"image.default\">\n\t\t\t\t\t\t\t\t\t\t\t\t\t\t\t\t<a href=\"https:\/\/a3d-print.fr\/\">\n\t\t\t\t\t\t\t<img fetchpriority=\"high\" decoding=\"async\" width=\"600\" height=\"258\" src=\"https:\/\/a3d-print.fr\/wp-content\/uploads\/2025\/12\/logo-A3D-complet.webp\" class=\"attachment-woocommerce_single size-woocommerce_single wp-image-21\" alt=\"\" srcset=\"https:\/\/a3d-print.fr\/wp-content\/uploads\/2025\/12\/logo-A3D-complet.webp 649w, https:\/\/a3d-print.fr\/wp-content\/uploads\/2025\/12\/logo-A3D-complet-300x129.webp 300w\" sizes=\"(max-width: 600px) 100vw, 600px\" \/>\t\t\t\t\t\t\t\t<\/a>\n\t\t\t\t\t\t\t\t\t\t\t\t\t\t\t<\/div>\n\t\t\t\t<div class=\"elementor-element elementor-element-ff58aaf elementor-widget elementor-widget-heading\" data-id=\"ff58aaf\" data-element_type=\"widget\" data-widget_type=\"heading.default\">\n\t\t\t\t\t<h2 class=\"elementor-heading-title elementor-size-default\">Impression 3d &amp; gravure laser<\/h2>\t\t\t\t<\/div>\n\t\t\t\t<\/div>\n\t\t<div class=\"elementor-element elementor-element-e545438 e-flex e-con-boxed e-con e-parent\" data-id=\"e545438\" data-element_type=\"container\">\n\t\t\t\t\t<div class=\"e-con-inner\">\n\t\t\t\t<div class=\"elementor-element elementor-element-634de45 elementor-widget-divider--view-line elementor-widget elementor-widget-divider\" data-id=\"634de45\" data-element_type=\"widget\" data-widget_type=\"divider.default\">\n\t\t\t\t\t\t\t<div class=\"elementor-divider\">\n\t\t\t<span class=\"elementor-divider-separator\">\n\t\t\t\t\t\t<\/span>\n\t\t<\/div>\n\t\t\t\t\t\t<\/div>\n\t\t\t\t\t<\/div>\n\t\t\t\t<\/div>\n\t\t<div class=\"elementor-element elementor-element-db7374a e-flex e-con-boxed e-con e-parent\" data-id=\"db7374a\" data-element_type=\"container\">\n\t\t\t\t\t<div class=\"e-con-inner\">\n\t\t<div class=\"elementor-element elementor-element-8f628b0 e-grid e-con-full e-con e-child\" data-id=\"8f628b0\" data-element_type=\"container\">\n\t\t\t\t<div class=\"elementor-element elementor-element-96a76a3 elementor-widget elementor-widget-button\" data-id=\"96a76a3\" data-element_type=\"widget\" data-widget_type=\"button.default\">\n\t\t\t\t\t\t\t\t\t\t<a class=\"elementor-button elementor-button-link elementor-size-sm elementor-animation-bounce-in\" href=\"https:\/\/a3d-print.fr\/\">\n\t\t\t\t\t\t<span class=\"elementor-button-content-wrapper\">\n\t\t\t\t\t\t\t\t\t<span class=\"elementor-button-text\">Accueil<\/span>\n\t\t\t\t\t<\/span>\n\t\t\t\t\t<\/a>\n\t\t\t\t\t\t\t\t<\/div>\n\t\t\t\t<div class=\"elementor-element elementor-element-16562da elementor-widget elementor-widget-button\" data-id=\"16562da\" data-element_type=\"widget\" data-widget_type=\"button.default\">\n\t\t\t\t\t\t\t\t\t\t<a class=\"elementor-button elementor-button-link elementor-size-sm elementor-animation-bounce-in\" href=\"https:\/\/a3d-print.fr\/index.php\/services\/\">\n\t\t\t\t\t\t<span class=\"elementor-button-content-wrapper\">\n\t\t\t\t\t\t\t\t\t<span class=\"elementor-button-text\">Services<\/span>\n\t\t\t\t\t<\/span>\n\t\t\t\t\t<\/a>\n\t\t\t\t\t\t\t\t<\/div>\n\t\t\t\t<div class=\"elementor-element elementor-element-337ab25 elementor-widget elementor-widget-button\" data-id=\"337ab25\" data-element_type=\"widget\" data-widget_type=\"button.default\">\n\t\t\t\t\t\t\t\t\t\t<a class=\"elementor-button elementor-button-link elementor-size-sm elementor-animation-bounce-in\" href=\"https:\/\/a3d-print.fr\/index.php\/realisations\/\">\n\t\t\t\t\t\t<span class=\"elementor-button-content-wrapper\">\n\t\t\t\t\t\t\t\t\t<span class=\"elementor-button-text\">R\u00e9alisations<\/span>\n\t\t\t\t\t<\/span>\n\t\t\t\t\t<\/a>\n\t\t\t\t\t\t\t\t<\/div>\n\t\t\t\t<div class=\"elementor-element elementor-element-09b5f15 elementor-widget elementor-widget-button\" data-id=\"09b5f15\" data-element_type=\"widget\" data-widget_type=\"button.default\">\n\t\t\t\t\t\t\t\t\t\t<a class=\"elementor-button elementor-button-link elementor-size-sm elementor-animation-bounce-in\" href=\"https:\/\/a3d-print.fr\/index.php\/shop\/\">\n\t\t\t\t\t\t<span class=\"elementor-button-content-wrapper\">\n\t\t\t\t\t\t\t\t\t<span class=\"elementor-button-text\">Boutique<\/span>\n\t\t\t\t\t<\/span>\n\t\t\t\t\t<\/a>\n\t\t\t\t\t\t\t\t<\/div>\n\t\t\t\t<div class=\"elementor-element elementor-element-2e1d5e2 elementor-widget elementor-widget-button\" data-id=\"2e1d5e2\" data-element_type=\"widget\" data-widget_type=\"button.default\">\n\t\t\t\t\t\t\t\t\t\t<a class=\"elementor-button elementor-button-link elementor-size-sm elementor-animation-bounce-in\" href=\"https:\/\/a3d-print.fr\/index.php\/contact\/\">\n\t\t\t\t\t\t<span class=\"elementor-button-content-wrapper\">\n\t\t\t\t\t\t\t\t\t<span class=\"elementor-button-text\">Contact<\/span>\n\t\t\t\t\t<\/span>\n\t\t\t\t\t<\/a>\n\t\t\t\t\t\t\t\t<\/div>\n\t\t\t\t<div class=\"elementor-element elementor-element-8dd7075 elementor-widget elementor-widget-button\" data-id=\"8dd7075\" data-element_type=\"widget\" data-widget_type=\"button.default\">\n\t\t\t\t\t\t\t\t\t\t<a class=\"elementor-button elementor-button-link elementor-size-sm elementor-animation-bounce-in\" href=\"https:\/\/a3d-print.fr\/index.php\/a-propos\/\">\n\t\t\t\t\t\t<span class=\"elementor-button-content-wrapper\">\n\t\t\t\t\t\t\t\t\t<span class=\"elementor-button-text\">A propos<\/span>\n\t\t\t\t\t<\/span>\n\t\t\t\t\t<\/a>\n\t\t\t\t\t\t\t\t<\/div>\n\t\t\t\t<\/div>\n\t\t\t\t<div class=\"elementor-element elementor-element-3380bd2 elementor-widget-divider--view-line elementor-widget elementor-widget-divider\" data-id=\"3380bd2\" data-element_type=\"widget\" data-widget_type=\"divider.default\">\n\t\t\t\t\t\t\t<div class=\"elementor-divider\">\n\t\t\t<span class=\"elementor-divider-separator\">\n\t\t\t\t\t\t<\/span>\n\t\t<\/div>\n\t\t\t\t\t\t<\/div>\n\t\t\t\t\t<\/div>\n\t\t\t\t<\/div>\n\t\t<div class=\"elementor-element elementor-element-4310711 e-flex e-con-boxed e-con e-parent\" data-id=\"4310711\" data-element_type=\"container\">\n\t\t\t\t\t<div class=\"e-con-inner\">\n\t\t\t\t<div class=\"elementor-element elementor-element-5e642d1 elementor-widget elementor-widget-text-editor\" data-id=\"5e642d1\" data-element_type=\"widget\" data-widget_type=\"text-editor.default\">\n\t\t\t\t\t\t\t\t\t<p>A3D-PRINT est une entreprise locale sp\u00e9cialis\u00e9e dans la gravure personnalis\u00e9e, la cr\u00e9ation d\u2019objets uniques et les cadeaux professionnels haut de gamme.<br data-start=\"1067\" data-end=\"1070\" \/>Nous travaillons avec passion pour sublimer vos id\u00e9es sur bois, m\u00e9tal, verre ou textile.<\/p>\t\t\t\t\t\t\t\t<\/div>\n\t\t\t\t\t<\/div>\n\t\t\t\t<\/div>\n\t\t\t\t<\/div>\n\t\t","protected":false},"excerpt":{"rendered":"<p>Impression 3d &amp; gravure laser Accueil Services R\u00e9alisations Boutique Contact A propos A3D-PRINT est une entreprise locale sp\u00e9cialis\u00e9e dans la [&hellip;]<\/p>\n","protected":false},"author":1,"featured_media":38,"parent":0,"menu_order":0,"comment_status":"closed","ping_status":"closed","template":"elementor_theme","meta":{"site-sidebar-layout":"no-sidebar","site-content-layout":"","ast-site-content-layout":"full-width-container","site-content-style":"default","site-sidebar-style":"default","ast-global-header-display":"disabled","ast-banner-title-visibility":"disabled","ast-main-header-display":"","ast-hfb-above-header-display":"","ast-hfb-below-header-display":"","ast-hfb-mobile-header-display":"","site-post-title":"","ast-breadcrumbs-content":"","ast-featured-img":"disabled","footer-sml-layout":"disabled","ast-disable-related-posts":"","theme-transparent-header-meta":"","adv-header-id-meta":"","stick-header-meta":"","header-above-stick-meta":"","header-main-stick-meta":"","header-below-stick-meta":"","astra-migrate-meta-layouts":"default","ast-page-background-enabled":"default","ast-page-background-meta":{"desktop":{"background-color":"var(--ast-global-color-5)","background-image":"","background-repeat":"repeat","background-position":"center center","background-size":"auto","background-attachment":"scroll","background-type":"","background-media":"","overlay-type":"","overlay-color":"","overlay-opacity":"","overlay-gradient":""},"tablet":{"background-color":"","background-image":"","background-repeat":"repeat","background-position":"center center","background-size":"auto","background-attachment":"scroll","background-type":"","background-media":"","overlay-type":"","overlay-color":"","overlay-opacity":"","overlay-gradient":""},"mobile":{"background-color":"","background-image":"","background-repeat":"repeat","background-position":"center center","background-size":"auto","background-attachment":"scroll","background-type":"","background-media":"","overlay-type":"","overlay-color":"","overlay-opacity":"","overlay-gradient":""}},"ast-content-background-meta":{"desktop":{"background-color":"var(--ast-global-color-4)","background-image":"","background-repeat":"repeat","background-position":"center center","background-size":"auto","background-attachment":"scroll","background-type":"","background-media":"","overlay-type":"","overlay-color":"","overlay-opacity":"","overlay-gradient":""},"tablet":{"background-color":"var(--ast-global-color-4)","background-image":"","background-repeat":"repeat","background-position":"center center","background-size":"auto","background-attachment":"scroll","background-type":"","background-media":"","overlay-type":"","overlay-color":"","overlay-opacity":"","overlay-gradient":""},"mobile":{"background-color":"var(--ast-global-color-4)","background-image":"","background-repeat":"repeat","background-position":"center center","background-size":"auto","background-attachment":"scroll","background-type":"","background-media":"","overlay-type":"","overlay-color":"","overlay-opacity":"","overlay-gradient":""}},"footnotes":""},"class_list":["post-7","page","type-page","status-publish","has-post-thumbnail","hentry"],"yoast_head":"<!-- This site is optimized with the Yoast SEO plugin v26.5 - https:\/\/yoast.com\/wordpress\/plugins\/seo\/ -->\n<title>Accueil - A3D-PRINT<\/title>\n<meta name=\"robots\" content=\"index, follow, max-snippet:-1, max-image-preview:large, max-video-preview:-1\" \/>\n<link rel=\"canonical\" href=\"https:\/\/a3d-print.fr\/\" \/>\n<meta property=\"og:locale\" content=\"fr_FR\" \/>\n<meta property=\"og:type\" content=\"article\" \/>\n<meta property=\"og:title\" content=\"Accueil - A3D-PRINT\" \/>\n<meta property=\"og:description\" content=\"Impression 3d &amp; gravure laser Accueil Services R\u00e9alisations Boutique Contact A propos A3D-PRINT est une entreprise locale sp\u00e9cialis\u00e9e dans la [&hellip;]\" \/>\n<meta property=\"og:url\" content=\"https:\/\/a3d-print.fr\/\" \/>\n<meta property=\"og:site_name\" content=\"A3D-PRINT\" \/>\n<meta property=\"article:modified_time\" content=\"2025-12-21T10:17:11+00:00\" \/>\n<meta property=\"og:image\" content=\"https:\/\/a3d-print.fr\/wp-content\/uploads\/2025\/12\/fond-d-ecran-creatif-avec-des-cubes-gris-et-espace-copie-scaled.webp\" \/>\n\t<meta property=\"og:image:width\" content=\"1920\" \/>\n\t<meta property=\"og:image:height\" content=\"1314\" \/>\n\t<meta property=\"og:image:type\" content=\"image\/webp\" \/>\n<meta name=\"twitter:card\" content=\"summary_large_image\" \/>\n<meta name=\"twitter:label1\" content=\"Dur\u00e9e de lecture estim\u00e9e\" \/>\n\t<meta name=\"twitter:data1\" content=\"1 minute\" \/>\n<script type=\"application\/ld+json\" class=\"yoast-schema-graph\">{\"@context\":\"https:\/\/schema.org\",\"@graph\":[{\"@type\":\"WebPage\",\"@id\":\"https:\/\/a3d-print.fr\/\",\"url\":\"https:\/\/a3d-print.fr\/\",\"name\":\"Accueil - A3D-PRINT\",\"isPartOf\":{\"@id\":\"https:\/\/a3d-print.fr\/#website\"},\"primaryImageOfPage\":{\"@id\":\"https:\/\/a3d-print.fr\/#primaryimage\"},\"image\":{\"@id\":\"https:\/\/a3d-print.fr\/#primaryimage\"},\"thumbnailUrl\":\"https:\/\/a3d-print.fr\/wp-content\/uploads\/2025\/12\/fond-d-ecran-creatif-avec-des-cubes-gris-et-espace-copie-scaled.webp\",\"datePublished\":\"2025-12-11T05:48:22+00:00\",\"dateModified\":\"2025-12-21T10:17:11+00:00\",\"breadcrumb\":{\"@id\":\"https:\/\/a3d-print.fr\/#breadcrumb\"},\"inLanguage\":\"fr-FR\",\"potentialAction\":[{\"@type\":\"ReadAction\",\"target\":[\"https:\/\/a3d-print.fr\/\"]}]},{\"@type\":\"ImageObject\",\"inLanguage\":\"fr-FR\",\"@id\":\"https:\/\/a3d-print.fr\/#primaryimage\",\"url\":\"https:\/\/a3d-print.fr\/wp-content\/uploads\/2025\/12\/fond-d-ecran-creatif-avec-des-cubes-gris-et-espace-copie-scaled.webp\",\"contentUrl\":\"https:\/\/a3d-print.fr\/wp-content\/uploads\/2025\/12\/fond-d-ecran-creatif-avec-des-cubes-gris-et-espace-copie-scaled.webp\",\"width\":1920,\"height\":1314},{\"@type\":\"BreadcrumbList\",\"@id\":\"https:\/\/a3d-print.fr\/#breadcrumb\",\"itemListElement\":[{\"@type\":\"ListItem\",\"position\":1,\"name\":\"Accueil\",\"item\":\"https:\/\/a3d-print.fr\/\"},{\"@type\":\"ListItem\",\"position\":2,\"name\":\"Accueil\"}]},{\"@type\":\"WebSite\",\"@id\":\"https:\/\/a3d-print.fr\/#website\",\"url\":\"https:\/\/a3d-print.fr\/\",\"name\":\"A3D-PRINT\",\"description\":\"\",\"potentialAction\":[{\"@type\":\"SearchAction\",\"target\":{\"@type\":\"EntryPoint\",\"urlTemplate\":\"https:\/\/a3d-print.fr\/?s={search_term_string}\"},\"query-input\":{\"@type\":\"PropertyValueSpecification\",\"valueRequired\":true,\"valueName\":\"search_term_string\"}}],\"inLanguage\":\"fr-FR\"}]}<\/script>\n<!-- \/ Yoast SEO plugin. -->","yoast_head_json":{"title":"Accueil - A3D-PRINT","robots":{"index":"index","follow":"follow","max-snippet":"max-snippet:-1","max-image-preview":"max-image-preview:large","max-video-preview":"max-video-preview:-1"},"canonical":"https:\/\/a3d-print.fr\/","og_locale":"fr_FR","og_type":"article","og_title":"Accueil - A3D-PRINT","og_description":"Impression 3d &amp; gravure laser Accueil Services R\u00e9alisations Boutique Contact A propos A3D-PRINT est une entreprise locale sp\u00e9cialis\u00e9e dans la [&hellip;]","og_url":"https:\/\/a3d-print.fr\/","og_site_name":"A3D-PRINT","article_modified_time":"2025-12-21T10:17:11+00:00","og_image":[{"width":1920,"height":1314,"url":"https:\/\/a3d-print.fr\/wp-content\/uploads\/2025\/12\/fond-d-ecran-creatif-avec-des-cubes-gris-et-espace-copie-scaled.webp","type":"image\/webp"}],"twitter_card":"summary_large_image","twitter_misc":{"Dur\u00e9e de lecture estim\u00e9e":"1 minute"},"schema":{"@context":"https:\/\/schema.org","@graph":[{"@type":"WebPage","@id":"https:\/\/a3d-print.fr\/","url":"https:\/\/a3d-print.fr\/","name":"Accueil - A3D-PRINT","isPartOf":{"@id":"https:\/\/a3d-print.fr\/#website"},"primaryImageOfPage":{"@id":"https:\/\/a3d-print.fr\/#primaryimage"},"image":{"@id":"https:\/\/a3d-print.fr\/#primaryimage"},"thumbnailUrl":"https:\/\/a3d-print.fr\/wp-content\/uploads\/2025\/12\/fond-d-ecran-creatif-avec-des-cubes-gris-et-espace-copie-scaled.webp","datePublished":"2025-12-11T05:48:22+00:00","dateModified":"2025-12-21T10:17:11+00:00","breadcrumb":{"@id":"https:\/\/a3d-print.fr\/#breadcrumb"},"inLanguage":"fr-FR","potentialAction":[{"@type":"ReadAction","target":["https:\/\/a3d-print.fr\/"]}]},{"@type":"ImageObject","inLanguage":"fr-FR","@id":"https:\/\/a3d-print.fr\/#primaryimage","url":"https:\/\/a3d-print.fr\/wp-content\/uploads\/2025\/12\/fond-d-ecran-creatif-avec-des-cubes-gris-et-espace-copie-scaled.webp","contentUrl":"https:\/\/a3d-print.fr\/wp-content\/uploads\/2025\/12\/fond-d-ecran-creatif-avec-des-cubes-gris-et-espace-copie-scaled.webp","width":1920,"height":1314},{"@type":"BreadcrumbList","@id":"https:\/\/a3d-print.fr\/#breadcrumb","itemListElement":[{"@type":"ListItem","position":1,"name":"Accueil","item":"https:\/\/a3d-print.fr\/"},{"@type":"ListItem","position":2,"name":"Accueil"}]},{"@type":"WebSite","@id":"https:\/\/a3d-print.fr\/#website","url":"https:\/\/a3d-print.fr\/","name":"A3D-PRINT","description":"","potentialAction":[{"@type":"SearchAction","target":{"@type":"EntryPoint","urlTemplate":"https:\/\/a3d-print.fr\/?s={search_term_string}"},"query-input":{"@type":"PropertyValueSpecification","valueRequired":true,"valueName":"search_term_string"}}],"inLanguage":"fr-FR"}]}},"jetpack_sharing_enabled":true,"_links":{"self":[{"href":"https:\/\/a3d-print.fr\/index.php\/wp-json\/wp\/v2\/pages\/7","targetHints":{"allow":["GET"]}}],"collection":[{"href":"https:\/\/a3d-print.fr\/index.php\/wp-json\/wp\/v2\/pages"}],"about":[{"href":"https:\/\/a3d-print.fr\/index.php\/wp-json\/wp\/v2\/types\/page"}],"author":[{"embeddable":true,"href":"https:\/\/a3d-print.fr\/index.php\/wp-json\/wp\/v2\/users\/1"}],"replies":[{"embeddable":true,"href":"https:\/\/a3d-print.fr\/index.php\/wp-json\/wp\/v2\/comments?post=7"}],"version-history":[{"count":90,"href":"https:\/\/a3d-print.fr\/index.php\/wp-json\/wp\/v2\/pages\/7\/revisions"}],"predecessor-version":[{"id":681,"href":"https:\/\/a3d-print.fr\/index.php\/wp-json\/wp\/v2\/pages\/7\/revisions\/681"}],"wp:featuredmedia":[{"embeddable":true,"href":"https:\/\/a3d-print.fr\/index.php\/wp-json\/wp\/v2\/media\/38"}],"wp:attachment":[{"href":"https:\/\/a3d-print.fr\/index.php\/wp-json\/wp\/v2\/media?parent=7"}],"curies":[{"name":"wp","href":"https:\/\/api.w.org\/{rel}","templated":true}]}}